3 - 6*f**2 - 5*f + 4. Let d(s) = -2*s**2 - 4*s + 65. Suppose 5*p = -45 + 10. Let h be d(p). Calculate g(h).
4
Let h(f) = 7*f + 28. Let g(s) = -196 + 59 - 13*s + 83. Let c(p) = -6*g(p) - 11*h(p). Determine c(-14).
2
Let b(q) = -q**3 + q**2 + 770. Let v be b(0). Let t = v + -776. Let a(l) = 5*l - l**3 + l**2 - 7 + l**2 - 7*l**2. Calculate a(t).
-1
Let n be (-8)/10 + (-7 - (-549)/(-45)). Let m be 3/((9/16)/((-15)/n)). Let g(r) = r**2 - 4*r + 8. Calculate g(m).
8
Let w(t) = 2*t**2 - 3*t - 3. Let q = -23 + 29. Suppose q = 2*z + z. Suppose -z*c + 3*c + 2 = 0. What is w(c)?
11
Let z(c) be the first derivative of c**4/4 + 8*c**3/3 + 3*c**2/2 - 12*c - 866. What is z(-5)?
48
Let j(i) = 8*i + 4 - 5*i - 6*i. Let f(b) = -7*b + 42. Let s be f(6). Suppose 5*v - 2*o - 17 = s, -5*v - 3*o + 45 = 2*o. Give j(v).
-11
Suppose -308*l - 5 = -309*l. Let z(m) = -m**2 + 6*m - l - m + 7*m + 1 - 3*m. Let y = 5 - -2. Give z(y).
10
Let c be (7/(-35))/(0 - 8/440). Let m(d) = -d**2 - 29*d + 429. Determine m(c).
-11
Let x(b) = -5*b - 3. Let w(s) = s**2 + 6*s + 2. Let j(l) = 3*w(l) + 2*x(l). Let f(y) = y**2 + y + 1. Let o(c) = 2*f(c) - j(c). What is o(-4)?
10
Let w(v) = v**2 + v + 2. Suppose -3*n = -5*l - 105, l = n + 3*l - 24. Let u = -30 + n. Let g be w(u). Let y(x) = -x**2 + x. What is y(g)?
-2
Let a(s) be the second derivative of s**6/360 + s**5/30 + 11*s**4/3 + 3*s. Let m(q) be the third derivative of a(q). Give m(-4).
-4
Let g(v) = v**3 + 5*v**2 + 4*v + 3. Let q(l) = -4*l**3 - l**2 - 2*l - 5. Let f be q(-2). Suppose -f = 4*d - 11. What is g(d)?
3
Let v(w) = -w + 0*w**3 - 5*w**3 - w**2 + 3*w. Suppose -206*g - 212 = -418*g. What is v(g)?
-4
Let p(y) be the third derivative of y**6/120 + y**5/12 - 5*y**4/12 - 17*y**3/3 + 5*y**2 - 7*y. Determine p(-6).
-10
Let v(o) be the third derivative of -o**6/120 - 11*o**5/60 + o**4/2 - 8*o**3/3 - 33*o**2 - 4*o. What is v(-12)?
-16
Let q(l) = 5*l**3 - 8*l**2 + 35*l + 2. Let k(w) = -8*w**3 + 18*w**2 - 69*w - 2. Let s(c) = 3*k(c) + 5*q(c). What is s(-16)?
4
Let x(a) = -84*a**2 - 22*a + 9. Let o(y) = -17*y**2 - 2*y + 1. Let v(r) = 5*o(r) - x(r). What is v(10)?
16
Let i(c) = -7*c - 31. Let o = -1190 - -1201. Calculate i(o).
-108
Suppose -7*m + 26 = 5*b - 10*m, -4*b + 4*m + 24 = 0. Let y(i) = -6 - 3 + b*i - 10 - 3. Let o be y(7). Let l(q) = q**3 - 5*q**2 - 7*q + 3. Give l(o).
-3
Let m(z) = -13*z**2 - 76*z - 48. Let r(a) = 11*a**2 + 60*a + 48. Let h(w) = -5*m(w) - 6*r(w). What is h(15)?
27
Let h(c) = -23 - 2 - 1705*c + 3 + 3423*c - 1717*c. Calculate h(12).
-10
Let t = 1250 + -1250. Suppose 4*y + 3 - 1 = u, 0 = y. Suppose 0 = 3*b - u*h + 1 - 0, -b - h + 8 = t. Let l(o) = -o**2 + o + 4. Calculate l(b).
-2
Let f(q) = q - 11. Let o be 2/(-6) - 7/(-21). Suppose -10*i + 12 + 38 = o. Calculate f(i).
-6
Let u(f) = 1 - 4*f - 10*f + 10*f - 7*f + f**2. Let v(b) be the first derivative of -3*b**2 - 159*b + 19. Let s be v(-28). What is u(s)?
-17
Let i be 5/(15/21) - (-2 - -11). Let w(c) be the third derivative of c**6/120 + c**5/20 + c**4/12 + c**3/6 + 16*c**2. What is w(i)?
1
Let p(f) = 6 + f**2 - 2*f**2 + 2*f - 4*f. Let z = 9698 - 9703. Calculate p(z).
-9
Let o be 4 - (-54)/(-13) - 20290/(-65). Let t = -309 + o. Let w(u) be the first derivative of u**4/4 - u**3 + 3*u**2/2 + 2*u - 1. Give w(t).
11
Let d be 28/(-44)*(-18 + 7). Let c(r) be the first derivative of r**4/4 - 5*r**3/3 - 13*r**2/2 - r + 3. What is c(d)?
6
Let m = -352 - -417. Let i(p) = -133 + p**2 + 65 - p**3 + 4*p + m. Suppose -3*n + f + 11 = 2*f, -4*f = -2*n - 16. What is i(n)?
1
Let s(p) = -p**3 - 50*p**2 - 267*p - 110. Let i be s(-44). Let x(h) = -18*h + 405. Determine x(i).
9
Let v(s) = -11*s**3 - s**2 + 2*s + 2. Let p(h) = 112*h + 7727. Let i be p(-69). Give v(i).
10
Let b(j) = 7*j**3 + 5*j**2 + 6*j + 2. Let w(g) = -g**3 - g**2 - g. Let n(i) = -b(i) - 6*w(i). Suppose m = -9*m. Calculate n(m).
-2
Let o(n) = -n + 9. Suppose -v + 280 = -71*v. What is o(v)?
13
Let p(b) be the second derivative of -13*b**3/2 + 2*b**2 + 2118*b. Determine p(1).
-35
Let b(r) = -3*r - 2. Suppose -19 = -2*z + d, -4*z - 5*d = -3*d - 58. Let x = 0 - z. Let u = -10 - x. Give b(u).
-8
Let s be 3/4 - 9/12 - 108. Let z = 113 + s. Let w(p) = p**3 - 4*p**2 - 2*p - 6. Determine w(z).
9
Let i = 86 - 52. Let v(n) = i - 43 - n**3 + 3*n**2 - 2*n**2. Give v(0).
-9
Suppose 0 = -7*u + 1605 - 1549. Let i(n) = n**3 - 8*n**2 - 6*n + 43. Calculate i(u).
-5
Let d(h) = 5*h**2 + 8*h - 5. Let r(g) = -4*g**2 - 9*g + 6. Let n(w) = -7*d(w) - 6*r(w). Let b be 0/(1054/62) - (12/30)/(4/10). What is n(b)?
-10
Suppose -5036*q + 160 = -5056*q. Let t(p) = 3*p**2 + 24*p - 3. Calculate t(q).
-3
Let b = 648 + -648. Suppose 3*a - 3*w + 57 = b, 2*a - 3*w + 87 = -3*a. Let t(l) = l + 34. Give t(a).
19
Let w(r) be the second derivative of -r**4/6 - 13*r**3/6 + 9*r**2 + 9754*r. Determine w(-7).
11
Let m(a) = 14*a + 36 - 1 + 0*a - 15*a + 5*a. Determine m(-12).
-13
Let j(d) = -d + 12. Let c = -38 + 48. Let s be j(c). Let u(z) = -330 - s*z + 327 + 0*z. Give u(-7).
11
Let y(r) be the first derivative of -49 - 4*r**2 - 13*r - 1/3*r**3. Determine y(-7).
-6
Suppose 0 = -4*l - 16, -34*p = -33*p + 2*l + 7. Let c(w) = 1 + 0*w**3 - 8*w**3 - w**2 + 2*w**3. Determine c(p).
-6
Let v be ((-3)/(-4))/(3/(-2))*-4. Let q(r) be the second derivative of -r**4/6 - r**3/6 - r**2 - r - 16. Calculate q(v).
-12
Let y(u) = 6*u + 17. Let q be y(-3). Let n be q/1*1 + -2. Let h(o) be the second derivative of o**4/6 + o**3/3 - o**2 + 4*o. Give h(n).
10
Let s be (1 - 2)*-1 + 2. Let m(v) be the first derivative of v**6/360 - v**3 - 42. Let g(w) be the third derivative of m(w). Give g(s).
9
Let i(v) = -47*v**3 + 3*v + 3 + 24*v**3 - 5*v**2 - 10*v + 22*v**3 - 8. Calculate i(-2).
-3
Let k(m) = m - 3. Suppose 3*w = 4*i - 26, 2*i + w - 3 - 5 = 0. Suppose i*q = 3*t + 95 + 33, -104 = -3*q - 5*t. Let o be 2/6 + (q/6 - -1). Give k(o).
3
Let d(b) = -2*b + 3. Suppose -8*c + 3*n = -4*c - 192, 4 = -n. Let y = 51 - c. Suppose 21 = y*a + a. Calculate d(a).
-3
Let x(k) = -21*k**2 - 3935*k**3 + 3936*k**3 + 45*k + 5 + 3*k**2. What is x(15)?
5
Let l(z) = z**3 + 8*z**2 + 41*z + 149. Let n(f) = 4*f**2 + 243*f + 850. Let k be n(-57). Calculate l(k).
19
Let f(u) = 20*u + 26. Suppose 5*h + 318 - 263 = 0. Let k(l) = -11*l - 14. Let o(t) = h*k(t) - 6*f(t). Give o(2).
0
Suppose 0 = 2*a + j + 146, -4*j = -0*a + a + 59. Let n = 77 + a. Suppose 8 - n = 2*p. Let o(c) = -c**2 + 3*c + 2. Calculate o(p).
2
Let g(h) = -h**3 - 5*h**2 + 1. Suppose 0 = 5*y - 3*y. Suppose -15 = 3*a - y*a. Let p be g(a). Let f(t) = 11*t - 1. Calculate f(p).
10
Let n(r) = r - 8. Suppose 0 = 5*g - 2*g + 5*c - 80, -5*g + 4*c + 84 = 0. Suppose 4*m - 16 = -3*p + 13, 2*p + 3*m = g. Calculate n(p).
-1
Let n(z) be the third derivative of 1 + 0*z + 5/24*z**4 + 24*z**2 + 0*z**3. Suppose 5 + 0 = -5*f. Determine n(f).
-5
Let d(j) = -j + 14. Suppose 5*p - 4*m = -7*m + 91, 0 = 3*p - 3*m - 45. Suppose -p - 27 = -4*q. Calculate d(q).
3
Let u(h) = 11*h + 31. Let i = -22115 - -22119. Give u(i).
75
Let j(n) be the second derivative of n**6/120 - n**5/30 - n**4/8 + 2*n**3/3 - 7*n**2/2 - 22*n - 3. Let b(f) be the first derivative of j(f). Determine b(4).
24
Suppose -94*j - 72 = -106*j. Let f(x) = -6 - j*x + 2*x - 9*x + 137*x**2 - 139*x**2. Give f(-6).
0
Suppose -2*d = 3*d - 15. Let n(a) = a + 6 + d*a - 5*a. Determine n(5).
1
Suppose 213 = 13*v - 4220. Let o be (-10 + v/33)/((-2)/(-12)). Let h(i) = 3 - 6*i + 0*i + i. Give h(o).
-7
Let j be ((-2)/8)/((-9)/216). Let q(h) be the second derivative of h**5/20 - 7*h**4/12 + h**3 - h**2/2 + 14*h + 2. Determine q(j).
-1
Let z be ((-6 - -3) + -1 + 0)*-1. Let d be 0 + 4/8*z. Let p(y) = 0*y**2 + y**d + 13 - 19 + 5*y. Calculate p(-7).
8
Suppose 6*a - 3*p = -69, -p = 5*a - 5*p + 59. Let s(q) = q - 1. Calculate s(a).
-12
Let b(k) = -4*k**2 - 96*k + 22. Let q(z) = -z**2 - 26*z + 6. Let r(v) = -4*b(v) + 15*q(v). Determine r(4).
-6
Let b(w) = 14*w**2 + 3*w + 3. Let x(p) = 25*p**2 + 5*p + 5. Suppose 0 = 13*j + 64 - 25. Let d(q) = j*x(q) + 5*b(q). Let r = -1 + -1. What is d(r)?
-20
Let r(w) = -w**2 - 23*w - 121. Suppose 47*m = -338 - 367. What is r(m)?
-1
Suppose -3*z = -2*x + 52, 49*z + 4*x = 44*z - 50. Let t(p) = -6*p - 14. Calculate t(z).
70
Let n(v) = -6*v**3 + 332 + 3*v**3 - 340 + 4*v + 8*v**2 + 4*v**3. Calculate n(-7).
13
Su